 -3*c - m = 3 + 4. Let k(g) = -g**3 - g**2 + 5*g + 1. Determine k(c).
4
Let d(k) = -k - 8. Let t = -836 + 832. Give d(t).
-4
Let c = 10 + -7. Let m(p) = p**2 - p - 1. Let k(a) = -a**3 + 9*a**2 - 9*a - 2. Let j(z) = -k(z) + 5*m(z). Calculate j(c).
0
Let d(s) = -3*s + 29. Let r = 314 - 305. Calculate d(r).
2
Let o(i) = -5*i**2 - i + 1. Let t(k) = -k**3 + 5*k**2 + 7*k - 1. Let n be t(6). Let j = n + -6. Let l be j*((-6)/(-2))/(-3). What is o(l)?
-5
Let n(m) = m**3 + 4*m**2 - 4*m - 4. Let q be n(-5). Let x be q/(-6)*(-4)/(-6). Let j be -2*(x/(-2) - -2). Let f(u) = -u - 7. Determine f(j).
-4
Let m be 7 + -1 + (0 - 1). Suppose 2*z - 6 = -l - 2, 0 = -3*z + m*l + 32. Let q(j) = j**3 - 5*j**2 + 2*j - 3. Give q(z).
-11
Suppose u + 5 = -1. Let r(z) = -7*z - 40. Let h be r(u). Let o(v) = -2*v**2 - 2*v + 3. Calculate o(h).
-9
Let f be 2 - (-4)/(-1) - 0. Let t(n) = -27*n**2 + 12*n**2 + 6*n**2 - 1 - 2*n**3 + 3 + 3*n + 7*n**2. Calculate t(f).
4
Suppose -2*b - 12 = -5*b. Let g(h) = -13 + h**2 + b*h + 9 + 3*h**2 - 3*h**2. Let y = 10 - 15. What is g(y)?
1
Let y(b) = -b**2 - 4*b + 4. Suppose 2*i + 4 = 3*i + 3*a, -2*i - a - 7 = 0. Give y(i).
-1
Let f(k) = -2*k + 12. Let b(r) = r + 4. Let p be b(-4). Suppose 0*c + 4*c - 72 = p. Suppose -c*t = -21*t + 24. What is f(t)?
-4
Suppose 2*c + 53 = 5*j, -3*c - 35 = -5*j + 22. Let b(i) = i**3 - 8*i**2 - 7*i - 2. Give b(j).
16
Let p(u) = -u**3 + 3*u - 2. Let n be p(-3). Let h(b) = -3*b**2 - 19*b**3 - 2*b + 34*b**3 - 2 - n*b**3. Calculate h(-2).
-2
Let l(r) = r**2 + 8*r + 6. Let d be (-6)/(-21) - (-308)/(-49). Let m be (-34)/6 - d/9. Give l(m).
-9
Let o(z) = -z**2 - 6*z - 1. Suppose 4*d = -3*k - 73, -3*d - k - k - 54 = 0. Let y = 51 + d. Let i = y + -39. Calculate o(i).
7
Let v(z) = -4 - 3*z + 8*z + 2 + z. Let h be (1 + -4)*(24/(-9) + 2). Calculate v(h).
10
Let c(i) = -i**2 - 7*i - 10. Let x = -367 + 358. What is c(x)?
-28
Let r(j) be the second derivative of j**3/6 + 18*j. Let m be 8/12*63/(-6). Calculate r(m).
-7
Let n(w) = -14*w**3 + 50*w**2 - w + 25. Let q(y) = -3*y**3 + 12*y**2 + 6. Let i(p) = 2*n(p) - 9*q(p). Give i(-6).
-64
Suppose -3*u + 12 = 3. Let r(d) = 0*d - d + u*d**2 + d**2 + d**3. Let t be (-90)/21 + (-6)/(-21). Give r(t).
4
Let d(t) be the second derivative of 0 + 2*t**2 + 9*t + t**3 + 1/24*t**4. Let w(g) be the first derivative of d(g). Determine w(-5).
1
Let i be 2*(2 - 2 - 1). Let v be i/(-3)*(-7 + 1). Let o(j) = -3 - 40*j**2 + 41*j**2 + 101*j - 96*j + 5. What is o(v)?
-2
Let s(o) = -7*o**2 + 4*o - 2*o**2 - 8*o**2 - 6*o**2 + 11 + 22*o**2. What is s(7)?
-10
Let l(h) = h. Let r(a) = 2*a + 6. Let p(s) = 2*s + 7. Let k(g) = 3*p(g) - 4*r(g). Let x(n) = -k(n) + 2*l(n). Give x(-3).
-9
Let z(i) = 2*i + 3*i + 2*i - 3*i. Determine z(-5).
-20
Suppose b = -3*b + 16. Suppose -3*d + 320 - 79 = s, 4*s - 308 = -4*d. Let r(x) = 84*x + 4 - d*x - 2 - x**3 + 3*x**2. Calculate r(b).
-6
Suppose 0 = 3*q - 6*q - 3*y + 15, -5*q = -5*y - 45. Suppose z - f + 0*f = -q, 2*z = 5*f - 8. Let w = z - -15. Let i(x) = -x**3 + 6*x**2 + 1. Determine i(w).
1
Let s(z) = z**2 - 7*z - 11. Let m be s(9). Let c(o) = -o**2 + 2*o**2 - 5*o - 2*o + m. Calculate c(5).
-3
Suppose -24*g + 32*g = 8. Suppose 0 = 3*f - 5*t + 17, -t + 6 = 2*f - 0*t. Let n(q) = 6*q**3 + 0*q**3 + 0*q**3 - f. What is n(g)?
5
Let v(d) = 3*d + 61. Let m be v(0). Let u = m + -64. Let r(x) = -4*x + 1. Let g(k) = 1. Let h(y) = 4*g(y) - r(y). Give h(u).
-9
Let x(t) be the second derivative of 1/3*t**4 + 0 + t - 1/40*t**5 + 0*t**2 - 2/3*t**3. Let p(i) be the second derivative of x(i). What is p(6)?
-10
Let q(u) = u**3 + 3*u**2 + 2*u + 2. Let g be q(-2). Let a(j) = 0*j**g - 5*j - 2*j**3 - 2 + 1 + 3*j**2 + 7*j. Give a(3).
-22
Let b(p) = 0 + 4 - 2653*p + 2657*p. What is b(-2)?
-4
Let l(m) = -10*m + 39. Suppose 0 = -5*g - 20, 9*b + 20 = 11*b - 3*g. Calculate l(b).
-1
Let t(l) = 6*l**2 - 8*l**2 - 5*l + 1 + 6*l - 3*l**2. What is t(2)?
-17
Suppose 2*w = 6*w - 24. Let o(d) = -31 - 28 + 78 + d - 26. What is o(w)?
-1
Let s(c) be the third derivative of -c**5/60 - c**4/4 - c**3/3 + 2*c**2. Suppose -3*u = -q - 142, -2*u + 106 = 3*q + 15. Let k = u + -52. Give s(k).
3
Let d(b) = 6*b - 11. Let j(y) = -9*y + 22. Let r(x) = 5*d(x) + 3*j(x). Give r(-5).
-4
Let l(j) = 4*j - 2. Suppose -4*w = 6*w - 4*w. Suppose w = h + 4*b + 5, -b = 3*h - 7 - 0. Determine l(h).
10
Let v = 3 - -23. Let w = v + -23. Let y(c) = -6 - 6*c**2 - 2 + 0 - 3*c**3 + 2*c + 4*c**w. Give y(6).
4
Suppose -5*c + 3 = -7. Let z be 2*-1*1/c. Let k(s) = -2 + s**2 - 3*s**3 + s + 2. What is k(z)?
3
Let p(i) be the second derivative of -i**6/240 + i**5/40 - i**4/4 + 8*i. Let x(h) be the third derivative of p(h). Calculate x(6).
-15
Let k(s) = s**2 + 3*s + 6. Let d be k(-6). Suppose 5 = -5*j - 2*b, -j - d = -0*j + 5*b. Let g(c) = -68*c + 0 + 59*c + 1. Give g(j).
-8
Let a(m) be the third derivative of -15*m**2 + 0*m + 1/6*m**3 + 0 + 1/12*m**4. What is a(-8)?
-15
Let s be (-15)/(-9) - (-2)/6. Let t(l) = l - 5. Let z be t(8). Let r(h) = -z + 2 - 5*h + 0*h + 2*h. What is r(s)?
-7
Let z(f) = 2*f**2 - 2*f + 3. Let k = -6 - 57. Let o be k/28*16/(-12). Determine z(o).
15
Let q be (0 - -2) + -49 - 4. Let c = q + 52. Let s(h) = -4*h + 4*h + 1 - 2*h. Determine s(c).
-1
Let a(t) = -t**3 - 4*t**2 + 3*t + 3. Let g be 12*((-8)/3)/2. Let b = g + 12. Determine a(b).
-9
Let t be 2/(-6)*(3 + 0). Let p be 3 - 2/((-2)/t). Suppose -5*m - 3*b = -17 + 2, 2*m + p*b = 6. Let j(r) = -r**2 - 2*r + 4. Calculate j(m).
-11
Let a(d) be the third derivative of -2*d**4 - d**3/6 - 13*d**2 - 11*d. Give a(1).
-49
Let g(q) = -2*q**3 - 5*q**2 + 3*q - 3. Let b(w) = -10*w**3 - 20*w**2 + 12*w - 12. Let v(r) = -2*b(r) + 9*g(r). Calculate v(3).
15
Let h = 7 + -5. Let p be 10*((-10)/4 + h). Let u(k) = -3*k - 2. Calculate u(p).
13
Let l(s) be the second derivative of s**4/12 - s**3 - 21*s**2/2 - 655*s. Calculate l(8).
-5
Suppose -p + 9 = -3*u + 1, -23 = 4*p - u. Let m be 0/p*(-2)/(-2). Let g(x) = -x**3 - 3. Calculate g(m).
-3
Suppose -2*b = 2 - 6. Let u = b - -1. Let q(r) = u*r**2 - 2 - 6*r**2 + 8 + 2*r**2. What is q(0)?
6
Let q(z) = 2*z**3 + 3*z**2 - 2*z - 3. Let j(g) = g**3 + 2*g**2 - g - 1. Let c(m) = -5*j(m) + 2*q(m). Let y = -31 + 27. Determine c(y).
-5
Let f(g) = g**2 + 4*g + 5. Let h(x) = -x + 5. Let t = 14 + -25. Let d(p) = -3*p + 15. Let y(z) = t*h(z) + 4*d(z). Let j be y(9). What is f(j)?
5
Let h(o) = -2*o + 9. Suppose -3*k + k - 3*w = 33, -5*k + w = 57. Let f = 4 + k. Let s(n) = -n**2 - 10*n - 10. Let j be s(f). What is h(j)?
-3
Let w(q) = 2*q + 8. Suppose 5*x - x + 33 = 3*c, -c - 3 = x. Calculate w(x).
-4
Let l(f) = f**3 + 6*f**2 + 5*f + 8. Let g = -85 - -4. Let z = 75 + g. Calculate l(z).
-22
Let x = -10 + 16. Let h be 32/10*(-10)/(-4). Let z(n) = 2 - n + 2 + h. Determine z(x).
6
Let s be (-8)/(-52) + (-184)/13. Let g = 14 + s. Suppose g*h - h + 3 = 0. Let d(v) = v**2 - 3*v - 2. Determine d(h).
-2
Suppose 1 + 8 = 3*p. Let t(r) = -r**2 - 9*r - 6. Let i be t(-8). Let v(z) = 14*z**3 + 2*z**2 - 8*z**i - 7 + 6*z - 15*z**p. Determine v(-7).
0
Let a = 23 - 11. Let t(v) = v**3 - 8*v**2 + 3*v - 3. Let w be t(8). Let z be w/(-4) - (-3)/a. Let f(y) = -y**2 - 5*y + 2. Determine f(z).
2
Let y = 70 + -63. Suppose h + 4*r + y = 0, 0 = -2*h + 4*r - 0*r + 10. Let g(j) = -7*j**3 - 2*j**2 + 1. Determine g(h).
-8
Let a(j) = 0*j + 2*j - 10 + 0*j. Let y be a(8). Let t(m) = 6*m**2 + 3*m - 6*m - 5*m - 5*m**2. Give t(y).
-12
Let d(x) = x**3 + 2*x**2 + 7*x + 26. Let r be d(-3). Let h(l) = -l**3 - 6*l**2 - l + 3. Determine h(r).
-25
Let u(r) = r + 4. Let g(i) = -i**2 + 7*i - 7. Let l be g(5). Let m(y) = -y - 3. Let w(j) = l*m(j) + 2*u(j). Calculate w(5).
-6
Let s(z) = 5 - 125*z - 2*z**2 + 2 + 124*z + 3*z**2. Give s(0).
7
Let y(g) = -1. Let a(f) = -f + 1. Let p(i) = 3*a(i) + 2*y(i). Suppose 0*c - 5*c + 20 = 0. Suppose w + 3 = 2*u, -3*w = -u + c*u. What is p(w)?
4
Let l(x) = -2*x**3 - 8*x**2 + 4*x - 2. Let b(d) = 4*d**3 + 1. Let t be b(1). Let k(g) = -3*g**3 - 15*g**2 + 8*g - 4. Let i(j) = t*l(j) - 3*k(j). What is i(4)?
2
Let d(g) be the third derivative of g**5/60 - g**4/12 - 2*g**3/3 + 5*g**2 + g. Determine d(3).
-1
Let d(a) = 4*a**3 + a**3 + 5 - 4*a + 3*a**2 - 4*a**3. Suppose -74*x + 111*x + 148 = 0. Calculate d(x).
5
Let i be 9*(-5)/(45/6). Let p(r) be the second derivative of r**5/20 + 5*r**4/12 -